5*o = -8*o - 500, 2*s - 476 = -3*o. What is the hundreds digit of s?
2
Let v = 4 + -12. Let j(n) = -n**3 - 7*n**2 + 7*n - 10. Let q be j(v). What is the units digit of ((-8)/12)/(q/57)?
9
Suppose -h + 5 = q, -4 = 2*h - 6*h + 4*q. Suppose 2*n - 123 = -3*k, -2*n - k = -h*k - 108. What is the units digit of n?
7
Let z(u) = 13 + 15 - 11 + 22*u - 23*u. What is the units digit of z(-10)?
7
Let o be ((-6)/(-3) + 6)*4. Suppose 7*u - o = 73. What is the tens digit of u?
1
Let p = -1268 - -3483. What is the hundreds digit of p?
2
Suppose 3*t - t + i = 14, 0 = 3*i. Suppose t*a - 157 - 1362 = 0. Suppose 6*p - a = -p. What is the units digit of p?
1
Let v(o) = 12*o**2 + 2*o + 918. What is the units digit of v(0)?
8
Suppose 0 = -6*w - 163 + 55. Let v = w + 28. What is the units digit of v?
0
Let z(h) = -12*h**2 + 15*h**2 + 15*h - 3*h + 5. Suppose 2*a - 20 = 6*a. What is the tens digit of z(a)?
2
Let c(u) = u**2 - 8*u + 10. Let d be c(4). Let k = -7 - d. What is the units digit of (-6)/12*(k + -1)?
1
Let g(j) = -j**3 + 27*j**2 + 14*j - 18. What is the units digit of g(27)?
0
Suppose 0*i - 224 = 2*i. What is the tens digit of i/(-3) - 8/24?
3
Suppose -t = 4*b + 1 - 11, -3*b - 2*t = -5. Suppose -5*l = 2*g - 194, 6*g - g - 105 = -b*l. What is the units digit of l?
0
Suppose 5*f = -3*g + 6, -3*f - 2*f = 5*g. Suppose 5*b - 5*o = 440, -2*b = f*o + 2*o - 148. What is the units digit of b?
4
Let n(j) = 35*j**2 - 2*j - 34*j**2 - 72*j**2 - 34*j**2 - 5. Let l be n(3). What is the units digit of l/(-28) + 2/(-14)?
4
Let s(g) = 4*g**3 - 10*g**2 - 4*g - 8. Let b(x) = 9*x**3 - 21*x**2 - 9*x - 16. Let q(k) = 3*b(k) - 7*s(k). What is the units digit of q(7)?
5
Suppose -4*r + 4285 = -2291. What is the hundreds digit of r?
6
What is the hundreds digit of 72/288 + (-2 - (-20262)/8)?
5
Let b(w) = 13*w - 27. Let y be b(-9). Let f = 225 + y. What is the tens digit of f?
8
Let p be 3 - (-3 + 2 - 1). Suppose -p*q + 18 = -l, l - 6 = 4*l - 3*q. What is the units digit of 16 - (10/l - 3)?
4
Let r = -4 - -13. Suppose 6*s - 9 = r. Suppose -n + 104 = s*w, 5*n - 171 = -4*w - 14. What is the units digit of w?
3
Let u = -29 - -21. Let l = u + 14. What is the units digit of l?
6
What is the units digit of 46053/189 - (0 - (-1)/(-3))?
4
Let h(l) = 10*l**2 - 21*l + 9. What is the hundreds digit of h(5)?
1
Let y(c) = -86*c + 87*c + 2*c**2 - 4*c**2 + 6 - c**3 + 3*c**3. What is the units digit of y(4)?
6
Suppose 28 = -3*f + 7*f + 4*q, -30 = -5*f - 4*q. Suppose f*v + 2*v - 756 = 0. What is the hundreds digit of v?
1
Let u = -783 - -1760. What is the tens digit of u?
7
Let w = -256 + 394. What is the units digit of w?
8
Suppose -51 + 12 = -p. Suppose 0 = -m + 5*k - p, -2*m = -4*k + 7*k + 13. Let n = m - -31. What is the tens digit of n?
1
Suppose 0 = -3*j - 0*j + 2*k + 6527, 3*j - 5*k = 6512. What is the units digit of j?
9
Suppose -57*x - 7931 = -68*x. What is the hundreds digit of x?
7
Let w = 218 + -106. Let d = w - 77. Let z = 68 - d. What is the units digit of z?
3
Let p(y) = 10*y**2 + 165*y + 22. What is the hundreds digit of p(-19)?
4
Let v = 3409 + -2393. What is the thousands digit of v?
1
Let b = 54 - 47. Suppose -649 = -b*o + 1297. What is the units digit of o?
8
What is the hundreds digit of (-22058)/(-41) + (2/2 - 1)?
5
Let x be (2 - -22) + 9/(-3). Suppose -22*d - 27 = -x*d. Let k = 35 + d. What is the units digit of k?
8
Suppose -j = -3*j - 5*t + 18, 3*j - 5*t - 2 = 0. Suppose j*s = 4*l - 76, -3*l - 4*s = -2*l - 24. What is the tens digit of l?
2
Suppose -2115 = 3*i - 8*i. Suppose 3*y - i = 4*a, -4*y + 711 - 143 = -4*a. What is the units digit of y?
5
Let g(f) = f**3 + 5*f**2 + 7. Let u be g(-4). Let q = -2 + u. What is the tens digit of q?
2
Let d(f) = -12*f + 5. Let l = 44 + -46. What is the units digit of d(l)?
9
Let x(t) = t**2 + 11. Let n be x(0). Suppose -l - n + 16 = 0. Suppose -l*w + 193 = 4*p, -3*w + 4*p + 90 + 45 = 0. What is the tens digit of w?
4
Suppose 3*q - 45 = 9. Let n = -47 + q. Let a = n - -40. What is the tens digit of a?
1
What is the hundreds digit of 6/(-3*(-6)/3768)?
2
What is the hundreds digit of -8 - -1*4193/7?
5
Let j(b) = 3*b + 8. Let i be j(-3). What is the units digit of 27 + i + 2 + -2?
6
Let j = 27 - 42. What is the units digit of (2 - j) + (-7)/(-1) + -5?
9
Suppose 115*y + 525 = 122*y. What is the tens digit of y?
7
Let a = 9 + -9. Suppose a = -w - n + 3*n + 220, 0 = -4*w + 3*n + 855. What is the hundreds digit of w?
2
Suppose 0*s + 770 = 2*x + 4*s, 5*x - 1936 = s. What is the hundreds digit of x?
3
Suppose -53 - 21 = -p. Suppose -p + 20 = -3*h. What is the tens digit of h?
1
What is the units digit of (78/(-4))/(-3*3/72)?
6
Let o = 55 - 53. Suppose 0 = -10*w + 5*w. Suppose w*n - o*n = -4. What is the units digit of n?
2
Let w(m) = 119*m**3 + m - 1. Suppose 0 = 5*u + 5*q, -2*q = 5*u + q - 2. What is the hundreds digit of w(u)?
1
Let d(y) = y**2 + 15*y - 14. Let a be d(-16). Suppose 4*v + 5*b = -20, -a*v + 2*b + 20 = -3*b. Suppose -3*q = -108 - v. What is the tens digit of q?
3
Suppose 2*p + 10 = 0, -u - p = -0*p - 248. Let n = u - 31. What is the units digit of n?
2
Let v be 0 - -1*(2 - 0). Suppose 24*h = 20*h + 16. Suppose -216 = -4*p - h*n, -3*p - v*p + 294 = -3*n. What is the units digit of p?
7
Suppose -2*m - 3*m + 45 = 0. Suppose -g = 3*c + 60 - m, -g - 2*c = 46. Let w = g + 74. What is the tens digit of w?
3
What is the thousands digit of 4526 + 6*15/(-10)?
4
Let f be (-1 + 1 + -5)*-6. What is the units digit of ((-136)/(-6))/(20/f)?
4
Let x(h) = 8*h - 10. Let p be x(5). Let q = p - -19. What is the units digit of q?
9
What is the units digit of (-6 + 2)*(-2760)/6?
0
Let j(o) = -2*o**3 - 48*o**2 - 217*o + 15. What is the tens digit of j(-18)?
3
Suppose 3*j = 2*j - 106. What is the hundreds digit of -3 - j - (0 + -4)?
1
Let f(s) = -s**3 + 3*s**2 - 3*s + 9. Let g be f(2). What is the units digit of 5 + (g + -5 - -78)?
5
Suppose 42 = 2*d - 156. Let b be (-2)/(-11) + 279/d. Suppose -b*g + 18 = -30. What is the units digit of g?
6
Let o = -27 + 15. Let x = o + 10. What is the units digit of x/(-14) - 730/(-35)?
1
Let l(t) = t + 2. Let w be l(1). Suppose c = 2*c - w. Suppose g + c*v = 17, 4*g + 3*v - v = 88. What is the units digit of g?
3
What is the thousands digit of (-2 - -1915)*-8*(-31)/124?
3
Suppose 23*h - 2194 - 7305 = 0. What is the hundreds digit of h?
4
Let v(y) = 4*y**2 + 10*y - 16. Let m be v(5). Suppose 5*o - 76 = m. What is the tens digit of o?
4
Suppose -1 = f, 5*w + 24 = 3*f - 7*f. Let m(h) = -15*h + 13. What is the units digit of m(w)?
3
What is the tens digit of (-3)/12 - (-14535)/60?
4
Let u(c) = c**2 + 12*c. Let z be u(-12). Suppose 5*d - 404 = -2*v - 2*v, 3*v + 5*d - 303 = z. What is the hundreds digit of v?
1
Let j(y) = 21*y**2 - 15*y + 361. What is the thousands digit of j(12)?
3
Let l be (-412)/2*(-5)/(-10). Let c = -362 - -211. Let u = l - c. What is the units digit of u?
8
Let s(p) = -2 - 2*p**2 + 3 - p**3 - 2*p**2. What is the units digit of s(-5)?
6
Suppose 100 = 2*i + q, -268 = -5*i - 0*q + 2*q. Let r = i + -88. What is the tens digit of ((-15)/9 + 1)*r?
2
Let u = -3917 + 6397. What is the thousands digit of u?
2
Let f be (-4676)/5 - 12/15. What is the tens digit of f/(-40) + 3/5?
2
Let k = 6 - 5. Suppose -k - 5 = -3*o. What is the units digit of o?
2
Let p(u) = u**2 - 2*u + 3. Let b be p(2). Let x be 3 + (-7 - 112/(-8)). What is the units digit of (96/40)/(b/x)?
8
Let o = 584 - 293. Suppose -529 = -5*s + o. What is the tens digit of s?
6
Suppose 3*j - 10 + 1 = 0. Suppose -2*c + z = -12, j*c + 3*z - 9 = 9. Suppose 105 = c*i - i. What is the tens digit of i?
2
What is the hundreds digit of 3680/2 - (88 - 83)?
8
Let c(f) = -3*f - 79. Suppose -m + 3*b + 16 = -2*m, m = -4*b - 12. What is the units digit of c(m)?
5
Let w(c) = 567*c - 707. What is the units digit of w(6)?
5
Suppose 0 = -2*l - 3*l + 60. Let n = 31 - l. Let c = 58 - n. What is the tens digit of c?
3
Let j = 40 + -40. What is the tens digit of (13 - -159) + (0 - j)?
7
Let i = -291 + 489. What is the hundreds digit of i?
1
What is the tens digit of 4/(18936/2364 - 8)?
9
Suppose -4*j - 16 = -2*u - 0*j, -4*u + 4*j = -20. Let c = 2 - u. Suppose 8 = -2*m - c, 3*d + 10 = -4*m. What is the units digit of d?
2
Let n be 2/(-5)*25/1. Let q be 14/(-10) - 4/n. What is the